s n(0)?
8
Let j(q) = -2*q + 3. Let r be ((-7)/(7/(-4)))/2. What is j(r)?
-1
Suppose c = -0*c. Let o = c + 2. Suppose 4*n + o*r + 3 = 17, -2*n + r = -9. Let b(d) = d**2 - 5*d - 3. Calculate b(n).
-7
Let a = -13 + 51. Let n(r) = 37*r + 0 + 10 - a*r. Calculate n(0).
10
Let a(i) = i + 2. Let z(d) be the first derivative of -2/3*d**3 + 0*d**2 + 1 + d + 1/4*d**4. Let r be z(1). What is a(r)?
2
Let n(k) be the second derivative of 1/2*k**3 - 1/3*k**4 + 0 + 2*k - 3/2*k**2 + 1/20*k**5. Suppose 3*f = s - 0*s + 11, -f + 4*s = -11. Calculate n(f).
-3
Let x(u) = -u - 12. Let i be x(-10). Let p(y) = y - 1. Let c(o) = 2*o + 1. Let l(a) = -c(a) - p(a). What is l(i)?
6
Let t(y) be the second derivative of y**6/120 + y**5/15 - 7*y**4/24 - 7*y**3/6 - y**2 - 3*y. Let f(z) be the first derivative of t(z). Calculate f(-5).
3
Let b = -2 - -5. Let q(h) = b*h + 2*h - h + 5. Let p(r) = -5*r - 6. Let n(w) = 2*p(w) + 3*q(w). Determine n(-4).
-5
Let d(v) = 3*v - 1. Let u = 28 + -26. What is d(u)?
5
Let k(c) = 4*c - 1. Let g be k(-1). Let u(a) = -6*a**2 - 8 + 0*a - 5*a - a**3 + 1. What is u(g)?
-7
Let p(q) = q + 2. Let s be p(-3). Let o(t) = -3. Let b(c) = c + 2. Let g(r) = -4*b(r) - 3*o(r). Let l(k) = k - 1. Let f(i) = s*g(i) - 5*l(i). What is f(3)?
1
Let l(m) = m**3 - 4*m**2 + 2*m - 6. Let t = -8 + 16. Let r = t - 4. Calculate l(r).
2
Suppose 16 = -0*p + 4*p. Let j(o) = -2*o**2 - 3. Let g(l) = -2*l**2 + 3*l - 7 - 2*l + l**2 - 3*l**2. Let t(v) = p*g(v) - 9*j(v). Determine t(-3).
5
Let l(o) = -o**2 + 2*o + 1. Suppose 5*f = 5*u + 26 + 14, 2*u = f - 10. Suppose r = -r - f. Determine l(r).
-14
Let f(b) = b**2 + 4 - 6*b - 6*b + 2*b + 4*b. Determine f(7).
11
Suppose 4*i = d - 10, i = d + 2*i. Let s(x) = -x**3 - 77 + 78 + d*x**3. Suppose -2*h = -4, -5*h - 1 + 7 = -4*l. Calculate s(l).
2
Let n(s) = -1. Suppose 4*g = -0 - 4, -2*i = -3*g - 5. Let m(h) = 3*h**2 - h**2 - 3*h**2. Let x(d) = i*m(d) + 6*n(d). Calculate x(0).
-6
Let w(i) = i**2 + 6*i - 3. Let y(n) = n**3 - 5*n**2 + 3*n - 1. Let f be y(2). What is w(f)?
4
Let w = 24 + -19. Let v(x) = x**3 - 4*x**2 - 4*x + 2. Give v(w).
7
Let t be (-3)/2*4/(-18). Let f(p) be the third derivative of -1/8*p**4 - 1/20*p**5 + 1/120*p**6 + 0*p + 0 + p**2 + t*p**3. What is f(4)?
6
Let t be (-1 - 0)/((-5)/15). Let p be ((-4)/t)/((-2)/3). Let o be (-1)/(-2) + (-7)/p. Let n(b) = b**2 + 2*b - 4. Calculate n(o).
-1
Suppose 4*g = 3*g. Let c(v) = 2*v**2 - 2*v + 12. Let m(y) = -y**2 + y - 6. Let j(n) = -6*c(n) - 13*m(n). Determine j(g).
6
Let p(y) = -11*y - 8. Let g(q) = -4*q - 3. Let c(u) = -8*g(u) + 3*p(u). Calculate c(-7).
7
Let r be (1 + -2)/(2 + -3)*-3. Let y(g) = g**2 + 8*g + 4. What is y(r)?
-11
Suppose -10*n + 3*n - 7*n = 0. Let k(x) = x + 10. Determine k(n).
10
Let p(g) be the first derivative of g**3/3 - 5*g**2/2 + 4*g + 8. Determine p(5).
4
Let o(a) = -a - 23. Let b be o(-12). Suppose -12 = 4*x - 2*x. Let y(v) = 5*v**2 + 5. Let q(w) = -9*w**2 - 9. Let f(c) = b*y(c) + x*q(c). Determine f(2).
-5
Suppose -5*k + 24 + 6 = 0. Let s(l) = 4*l**3 - 6*l**2 - l + 2. Let p(n) = -9*n**3 + 12*n**2 + 2*n - 3. Let d(v) = 3*p(v) + 7*s(v). Give d(k).
-1
Let t(j) = 3 + 11 + 5 - 22 + 2*j. Calculate t(-3).
-9
Let f be ((-18)/15)/((-1)/(-5)). Let u(b) = b**2 + 8*b + 6. What is u(f)?
-6
Let b(g) be the second derivative of -g**3/2 - 5*g**2/2 - 6*g - 1. What is b(-4)?
7
Let q(p) be the second derivative of p**6/360 + p**5/20 + 7*p**4/24 + p**3/2 - 2*p. Let u(v) be the second derivative of q(v). Calculate u(-6).
7
Let y(v) = 2*v - 3*v**2 - 6*v**2 - 5*v**2 + 15*v**2. Give y(-3).
3
Let l be (-40)/(-6) + 12/(-18). Let k(f) = f**3 - 6*f**2 - 2*f + 3. What is k(l)?
-9
Let r(g) = -g**2 - 5*g - 2. Let y be r(-3). Let m(z) = z**2 - 4 - 5*z - 2*z**2 - z**3 - y*z**2. Suppose 5*u - 3*t = 2*u + 3, 5*u + 25 = -t. Give m(u).
0
Let a be (-2)/(-7) - (-2)/(-7). Let g = 3 - 3. Let t(x) = -5 + 1 + g + a - x. What is t(0)?
-4
Let z(w) = w**3 - 2*w. Suppose -3*u - 2*u + 5 = -s, -3*u + 4*s - 14 = 0. Let b(m) = 3*m - 3. Let n be b(u). Suppose 6 = n*y - 0. Determine z(y).
4
Suppose -4*g - 2*w + 10 = -2*g, 0 = -5*g + 2*w - 10. Let t(p) = 0 - 4*p + 1 + 2 + g. Suppose -4*u + 9 - 1 = 0. Give t(u).
-5
Let c(b) = b**3 - 2*b**3 + 4 + 3*b**3 + 4*b + 5*b**2 - b**3. Give c(-4).
4
Let h(v) = -v**2 + 11*v - 7. Let s be h(10). Let b(t) = -2*t**s + 6*t**3 + 4*t**3 + t**2. Determine b(-1).
-7
Let h(l) = l + 1. Let k(m) = 12*m + 15. Let o(c) = -15*h(c) + k(c). What is o(-1)?
3
Let g(d) be the first derivative of d**4/4 - d**3 + d**2/2 + 3*d + 44. Suppose -s + 3 = -0*s. Determine g(s).
6
Let u(h) be the first derivative of h**4/4 + h**2/2 - 8. Determine u(1).
2
Let x(h) = -h**3 - 4*h**2 - 4*h + 1. Let o be x(-3). Let g(d) = 6*d + d**2 - o*d + 3 - 4*d + 5*d. Let z = 4 - 6. Calculate g(z).
1
Let g(z) = z**2 - 6*z - 1. Let d(y) = y**2 - y + 1. Let m(o) = 2*d(o) - g(o). Let b(p) = -p**3 - 7*p**2 - 4*p + 8. Let a be b(-6). Calculate m(a).
3
Let b(a) be the first derivative of -a**3/6 - 3*a + 2. Let j(x) be the first derivative of b(x). Let w be ((-4)/(-6))/(2/3). What is j(w)?
-1
Let z(j) = -j**3 + 5*j**2 - 3*j + 3. Let l(h) = 2*h**3 - 10*h**2 + 6*h - 6. Let b(i) = 6*l(i) + 11*z(i). Calculate b(3).
-12
Let o(m) = m**2 + 3*m + 2. Suppose 3*j - 3*d + 2*d + 14 = 0, -4*d + 20 = 0. Let y be o(j). Let n(x) = 0 - 4*x + 5*x**y + 7*x + x**3 + 5. Give n(-5).
-10
Let x be 8/14 + (-12)/21. Let y(u) = u**3 + u - 7. Give y(x).
-7
Let a(l) = 6*l**2 - l**3 - 5 + 8*l + 5*l**3 - 2*l**3 - 3*l**3. Let s be a(7). Let d(m) = 2*m**3 - m**3 - 6 + 7 - s*m**2 - 4*m + 3. Calculate d(3).
1
Suppose 4*k - 7 = 3*p + 3, 4*p - 4 = k. Suppose 0*r + 5*r = u - 8, 0 = p*r - 2*u + 8. Let c(b) be the second derivative of 7*b**4/12 - b**2/2 - b. Give c(r).
6
Let t(c) = c**2 + 6*c + 6. Let j be -8 + 1 + (14 - 11). Give t(j).
-2
Suppose 5*f - 30 = 5. Let l(x) = 2*x + 3. Let z(c) = c + 2. Let q(y) = f*z(y) - 3*l(y). Determine q(-5).
0
Suppose 4*o + 5 = 3*o. Let f(y) = -y - 2. Calculate f(o).
3
Let y(l) = l**2 - l + 2. Let d be y(2). Let o be (1 - (2 - 3)) + 1. Let b(a) = a - 4 + 4*a**2 + 2*a - 4*a + a**o - 8*a**2. What is b(d)?
-8
Suppose -h - t + 5 = -0*t, -2*h - 2 = -4*t. Let w(o) be the second derivative of 0 + 1/12*o**4 + 1/6*o**h - 2*o + 7/2*o**2 + 1/20*o**5. Calculate w(0).
7
Let k(u) = -u + 1. Let h(o) = 8*o - 6. Let m(l) = -h(l) - 6*k(l). Let p = 3 - 0. Suppose 2*b + 4 = 2*f, -p*b - 2 = -f + 2*f. Calculate m(b).
2
Suppose -4*z + 7*n - 2 = 5*n, 2*z = -2*n - 4. Let m(o) = -13*o**2 - 7*o - 7. Let g(q) = 38*q**2 + 20*q + 20. Let p(f) = -6*g(f) - 17*m(f). Give p(z).
-7
Suppose -3*t = -5*t - 8. Let j(o) = o + 3. What is j(t)?
-1
Let y(k) = -k**3 + 5*k**2 + 6*k + 3. Let d be y(6). Let f(r) = -3*r - 3*r + 1 + 6*r - 2*r. What is f(d)?
-5
Let a = -3 + 6. Let d(y) = a + y - y**2 - 4*y + 4*y - y**3. What is d(0)?
3
Let s be 28/(-15) + 17/(-15) + 1. Let l(c) = 2*c**3 + 3*c**2 + 3*c + 3. Determine l(s).
-7
Let m be ((-4 - -1) + 1)/2. Let j be ((-1)/(-1) - 0)/m. Let y(l) = -11*l**2 + 6*l + 7. Let u(t) = t**2 - t - 1. Let h(f) = -6*u(f) - y(f). Calculate h(j).
4
Let k(v) = v**2 - 4. Suppose -5*w = -2*h + 2, 2*w + 20 = -2*h - 2*h. Let d = w - -4. Suppose -2*b - 2 = 5*n + 5, 0 = -3*n + d*b - 17. Determine k(n).
5
Let m(p) be the second derivative of p**5/120 + 5*p**4/24 - 2*p**3/3 - 2*p. Let g(y) be the second derivative of m(y). Give g(-5).
0
Let r(k) be the second derivative of k**6/360 + k**5/120 + k**4/24 + 7*k**3/6 + k. Let g(y) be the second derivative of r(y). Calculate g(-1).
1
Let d(c) = -3*c**2 - c + 1. Let g be 3/2*8/3. Suppose -g*a - 10 = -9*a. Let t be -3*((-4)/6)/a. What is d(t)?
-3
Suppose 3*s = 8*s. Suppose s*z = -2*z + 2. Let t(g) be the second derivative of -g**4/12 + 2*g. Calculate t(z).
-1
Let w(v) = 21 - 3*v + 4*v - 10 - 8. What is w(-6)?
-3
Let l(i) = -5*i - 5. Let j(v) = 15*v + 15. Let q(y) = 4*j(y) + 11*l(y). Let u(x) = x + 1. Let b(a) = 4*q(a) - 22*u(a). Let s = 18 - 16. What is b(s)?
-6
Let w(p) = -3*p - 2. Let s(i) = -3*i**2 + 2*i - 5. Let c be s(0). Calculate w(c).
13
Suppose t = -3*r + 21, 3*t = -3*r + 7*r - 2. Let o(j) = j**3 - 5*j**2 - 7*j + 2. What is o(t)?
-4
Let h(b) = 8*b**2. Let p be 2/8 + 39/(-12). Let o = p - -2. Determine h(o).
8
Let p(u) = -6*u**3 - u**2 + 1. Let k be 16/(-6)*27/(-18). Let n(m) be the first derivative o